ose -12 = 9*r + 6. Give g(r).
6
Let h(m) = 7*m + 5. Let c(v) = v + 1. Let n be 4 + -10 + -4 + 4. Let l(g) = n*c(g) + h(g). What is l(3)?
2
Let i(l) = l**3 - 7*l**2 + 5*l + 5. Let k = -33 - -37. Let o be (-4 - -4 - -2) + k. Determine i(o).
-1
Let x(u) = -2*u + 3. Let y = 11 + -8. Let l(h) = -h + 1. Let t(f) = -f**2 - 4*f - 4. Let d be t(-3). Let m(b) = d*x(b) + y*l(b). Determine m(5).
-5
Let k(a) = 2*a**2 + 59 - 78*a + 7*a**2 + 50*a - 8*a**2. What is k(25)?
-16
Let y be (-10)/(2*-1 + 0). Let o(m) = m**2 - m - 1. Let c be (-20)/16 - (-2)/8. Let v(w) = 2*w**2 - 4*w. Let g(l) = c*v(l) + o(l). Give g(y).
-11
Let k be (0/7)/((-2)/2). Suppose r = 2 - k. Let c(p) = r*p - p - 1 + p - 3*p. Determine c(0).
-1
Let p(u) = -51*u + 17*u + 6 + 28*u. Determine p(2).
-6
Let k be 1 + 91 + (-7 - -6). Let m be (-2)/3 - k/21. Let z(q) be the second derivative of q**4/12 + 5*q**3/6 + 5*q**2/2 + 4*q. Determine z(m).
5
Suppose -3*l + 7 + 47 = 0. Let d = -23 - -40. Let a = l - d. Let i(s) = -9*s - 1. Give i(a).
-10
Let s be (0 - -1)/((-5)/(-30)). Let c(g) = 7*g + 11. Let h(q) = -13*q - 21. Let k(t) = -11*c(t) - 6*h(t). Calculate k(s).
11
Let c(n) be the second derivative of 0 + 1/6*n**3 - 1/12*n**4 - 6*n + 0*n**2. Suppose -1 = -4*m + 7. Determine c(m).
-2
Let m(p) be the third derivative of p**8/10080 - p**7/2520 + p**6/360 + p**5/15 + 17*p**2. Let y(q) be the third derivative of m(q). Calculate y(2).
6
Let w(f) = -9*f**2 + f - 1. Let t be w(-2). Let u be (t/(-26))/(3/4). Let s(l) = l**2 - l - 1. Let p(x) = x**2 - 1. Let k(n) = -4*p(n) + 3*s(n). Calculate k(u).
-9
Let b(d) = 16*d**3 + 2*d**2 + 6*d - 7. Let q(o) = 17*o**3 + 2*o**2 + 7*o - 8. Let i(j) = 7*b(j) - 6*q(j). What is i(-1)?
-9
Let q(b) = -5*b - 1. Let u be (10*(-4)/(-100))/(1/40). Suppose 2*j - u + 22 = 0. Give q(j).
14
Let a(l) = -l**3 + l**2 - l. Let g(x) = -5*x**3 + 8*x**2 - 9*x - 3. Let i(n) = 2*n + 1. Let m be i(-1). Let z(f) = m*g(f) + 6*a(f). Calculate z(-2).
-3
Suppose 4*h = -0*i - 4*i + 16, -16 = -4*i - 2*h. Let u(s) be the first derivative of 5 - 1/2*s**2 + 6*s. Calculate u(i).
2
Let s(x) = -x - 4. Let z(o) = -7*o - 1. Let b(q) = -4*q - 1. Let y(v) = -11*b(v) + 6*z(v). Let u(f) = -3*s(f) - 2*y(f). Determine u(2).
0
Let o = -2 + 6. Suppose 5*a + 2*t + 2*t - 21 = 0, o*a + 3*t - 16 = 0. Let d(j) = -1 + a + 3 - j + 0. Determine d(5).
-2
Let t(d) be the first derivative of 10*d**2 + 3*d + 11. Let i(g) = 7*g + 1. Let s(z) = 17*i(z) - 6*t(z). Calculate s(-6).
5
Let a(h) = h**2 - 3*h - 1. Suppose -5*m = 5*g, 0*m + 15 = -4*m + g. Give a(m).
17
Let c(h) be the second derivative of h**5/20 + h**4/6 - h**3/6 + 2*h**2 - 26*h. Suppose 2*i - 4*i = -5*x - 7, 5*i = -2*x - 26. Calculate c(x).
-2
Let x(s) = s**3 - 7*s**2 + 6*s - 2. Suppose 2*u = -0*u. Suppose u = 7*o - 4*o. Suppose 2*g + z - 4*z = 0, 5*z - 20 = o. Calculate x(g).
-2
Let a(g) = -10*g**3 + g**2 - 3*g - 3. Let s be a(-1). Let v(b) = -b**3 + 10*b**2 + 13*b - 14. Determine v(s).
8
Let d(z) = z**2 + 11. Suppose -y = -5*i, -1 - 3 = i - y. Let u(l) = 1. Let r(f) = i*d(f) - 6*u(f). Calculate r(0).
5
Let l(r) = 26*r**2 - 6*r - 6. Let w(t) = 5*t**2 - t - 1. Let y(u) = -2*l(u) + 11*w(u). Suppose -9*i + 7*i + 8 = 0. Suppose 0*g - i = 4*g. Give y(g).
3
Let z(g) = 20*g**3 - 5*g**2 + 3*g - 11. Let t(f) = 7*f**3 - 2*f**2 + f - 4. Let k(i) = 3*i - 1. Let j be k(3). Let h(u) = j*t(u) - 3*z(u). What is h(1)?
-5
Let b be (-5 - -2) + 5 + -1. Let d(f) = 0 - b + 0 + f - f**2. Suppose -3*j + g = -3, j + 12 = -5*g - 3. Give d(j).
-1
Let p(x) = -x**3 + 2*x**2 - 2*x. Let c(z) = -5*z - 9. Let y(i) = -i - 1. Let h(j) = -c(j) + 6*y(j). Let n be h(1). What is p(n)?
-4
Let l(j) = j**2 - j - 2. Suppose 313 - 283 = 6*c. Calculate l(c).
18
Suppose -3*m - o + 0*o + 56 = 0, 4*o = 5*m - 82. Let i(v) = -3*v + 12 + m - 30. Calculate i(-3).
9
Let k(q) = 4*q**2 + 2*q - 2. Suppose -20 = -4*z + 4*w, -3*z - 5*w = 5 - 4. Determine k(z).
40
Let k = 12 - 9. Suppose 2*h + 2*h - 6 = 2*t, k*h = 4*t + 12. Let v(w) = -w**3 - 2*w**2 + w. Let q be v(t). Let m(s) = -s + 4. What is m(q)?
-2
Let j(p) = -p - 7. Let m(s) = 1. Let a(k) = j(k) - 2*m(k). Suppose -40*q + 37*q + 12 = 0. Suppose -q*c - 4*g - 22 = -2*c, -4*g = -c + 7. What is a(c)?
-4
Let y be (-1 + 1)/(2 + -1). Let f(k) = -k**3 - 11*k**2 - k - 5. Let w(v) = -v**3 - 13*v**2 - v - 5. Let i(r) = 6*f(r) - 5*w(r). What is i(y)?
-5
Let b(t) = t**2 + 7*t - 12. Suppose -5*j = 4*o - 14 + 55, 4*j + 38 = 2*o. What is b(j)?
6
Let n(i) = -i**3 - 7*i**2 + 8*i + 6. Suppose -13*u + 7*u + 144 = 0. Suppose 3*b + u + 0 = 0. Calculate n(b).
6
Let p(j) = j**3 - 2*j**2 + j + 1. Suppose 0*v - 3*v = -2*f + 143, -v = -4*f + 61. Let u(x) = 3*x - 7. Let z be u(5). Let c be z/10*v/(-18). Give p(c).
3
Let x(v) = v + 14. Let h(t) = t**3 + 17*t**2 + 47*t + 59. Let y be h(-14). Give x(y).
3
Let j(a) = a**3 - a**3 + 9*a**2 - 8*a**2 - 3 - a**3 + 4*a. What is j(2)?
1
Suppose -3*t + 227 + 3 = -h, -5*t = -3*h - 378. Let b(x) = -85*x + 3 + 159*x - t*x. What is b(3)?
-9
Let f(g) be the first derivative of g**6/120 - 2*g**5/15 - 3*g**4/8 - g**3/6 - 5*g**2 - 23. Let c(i) be the second derivative of f(i). Determine c(9).
-1
Let h(j) = 4*j**3 - 6*j**2 - 23*j + 5. Let a(d) = -11*d**3 + 19*d**2 + 65*d - 16. Let g(m) = 3*a(m) + 8*h(m). Determine g(10).
2
Let c = 18 - 3. Suppose 4*a + a = p + 19, -c = 3*p - a. Let t(j) be the second derivative of j**5/20 + j**4/3 - j**3/3 + j**2/2 - 14*j. Give t(p).
9
Let v(k) = k**3 + 4*k**2 + 1. Let d be v(-4). Suppose -1 = -3*z + 5*o + 2, -5*z = -5*o - 15. Let j(c) = -15*c + z*c + 1 + 8*c + 0. Determine j(d).
0
Let a(i) = -6*i**2 + 2*i + 3. Let d(b) = 17*b**2 - 7*b - 10. Let f(l) = -7*a(l) - 2*d(l). Let y be f(-1). Let n(s) = -s**3 + 7*s**2 + s - 8. What is n(y)?
-1
Let x(w) be the second derivative of w**5/12 - w**4/24 - 11*w**3/2 + 7*w. Let f(a) be the second derivative of x(a). Calculate f(-1).
-11
Let p(f) be the third derivative of f**6/120 + f**5/15 + f**4/4 + 2*f**3/3 - 124*f**2. Give p(-2).
0
Let h = -54 - -38. Let v be ((-2)/(-8))/((-4)/h). Let m(o) = -20*o + 7. Let n(c) = 10*c - 3. Let u(d) = 2*m(d) + 5*n(d). What is u(v)?
9
Suppose c = 3*v, -4*v + 4 = 4*c + 20. Let p(u) = u**2 + 8*u + 6. Let x be p(-8). Let f(w) = 3 - 2 + x*w - 4*w + w**2. Calculate f(v).
0
Suppose 4*b - 5 = 3. Let m be -9 - (2 - (1 - b)). Let z be 1/6 + (-70)/m. Let c(x) = x**2 - 8*x + 9. What is c(z)?
-3
Let q(h) = -h**3 + 4*h + 67*h**2 - 6 - 34*h**2 - 29*h**2. Let d = 6 - 1. Calculate q(d).
-11
Let v(k) = -6*k**2 - 2*k - 7. Let a(m) = m**2 + 1. Let c(f) = -5*a(f) - v(f). Give c(-2).
2
Let c(t) = t**3 - 5*t**2 - 5*t - 6. Let j be c(6). Let w(p) = j*p + p + 5 + 0*p + 0*p. Calculate w(-6).
-1
Let m(z) = z - 1. Let b(a) = -4*a**3 - a**2 + 2*a - 3. Let q(w) = -w**3 - w**2. Let g(p) = -b(p) + 5*q(p). Let o(u) = -g(u) - 4*m(u). Calculate o(-5).
-14
Let f be (38/855*-18)/((-2)/(-45)). Let d(s) = -s - 17. Give d(f).
1
Let v(n) = 2 - 88*n**2 + n**3 + n + 88*n**2. Let p be v(0). Let j(d) = -d + 1. Calculate j(p).
-1
Suppose 3*b = 2 + 4. Let p be (1 - 0/3)*2. Suppose -p*s = -b - 4. Let q(c) = c**3 - 4*c**2 + 2*c + 2. Calculate q(s).
-1
Let l(w) = w**3 + 1. Let a = -6 - -11. Suppose 2*u + 3*t - 6 = -1, a*t = -4*u + 11. Suppose u*i - 2 = 2*i, 0 = 3*z + 3*i - 6. What is l(z)?
2
Let j be -5 - (-2)/3*(-264)/(-16). Let v(p) = -3*p - 10. Determine v(j).
-28
Let u(t) = t + 9. Let n(s) = -2*s - 7. Let o(x) = -4*n(x) - 3*u(x). Calculate o(-1).
-4
Let a(g) = -g - 5. Let k = 4 + 1. Suppose -t = d - 1, -2*t + 0*t = k*d + 7. What is a(d)?
-2
Suppose 20 = 4*r + 4*z, 2*z - 4 = 2*r - 3*z. Let f(a) = -9 - r - 2*a + 3 + 4*a. Give f(6).
3
Let s(h) = h - 822 + 1634 + 8*h**2 - 812. Let p be 4/18 - 16/(-9). Let w(a) = a**3 - a**2 - 2*a - 1. Let r be w(p). What is s(r)?
7
Let m(p) = 0*p + 19 - p + 12*p - 4*p - 6*p. Give m(-16).
3
Let p(y) = 28*y**2 - 12 + 11 + 27*y**2 - 54*y**2. What is p(3)?
8
Let d(a) = -a**3 + 5*a**2 + 2*a - 6. Let f be d(5). Let p be (-2)/f + 4/8. Let q(m) = 6 + m**3 + p*m**2 + m**2 + 0*m**2. What is q(0)?
6
Let v be (20/(-5))/(2/(-28)). Let g(z) = v*z - 3 + 58*z - 115*z. Let n = -18 - -11. Calculate g(n).
4
Let u(c) be the first derivative of 1/4*c**4 - 4/3*c**3 + 1/2*c**2 + c - 14. Let a = 10 + -6. Determine u(a).
5
Let w = 29 + -49. Let x = w - -22. Let v(f) = 4*f - 1. Give v(x).
7
Let y